late the highest common factor of 1273071 and 609.
87
Calculate the greatest common factor of 1682121 and 735.
147
Calculate the highest common factor of 4734 and 306.
18
What is the greatest common divisor of 3841 and 59285?
167
What is the greatest common factor of 888 and 98346?
222
Calculate the greatest common divisor of 3366 and 5038.
22
What is the highest common divisor of 1791 and 513?
9
What is the highest common factor of 63 and 333585?
63
What is the greatest common factor of 1505 and 320135?
215
What is the highest common divisor of 408 and 97410?
102
What is the highest common factor of 50620 and 20?
20
Calculate the greatest common divisor of 34013 and 301.
301
What is the highest common divisor of 12712 and 56523?
227
What is the highest common divisor of 24048 and 1044?
36
What is the highest common divisor of 292589 and 11?
11
What is the highest common factor of 59697 and 1782?
891
Calculate the highest common divisor of 370 and 2400.
10
What is the greatest common divisor of 115 and 621?
23
Calculate the greatest common factor of 21 and 76188.
21
What is the highest common divisor of 314850 and 12?
6
Calculate the greatest common divisor of 1596 and 86412.
228
Calculate the highest common divisor of 84625 and 175.
25
What is the greatest common divisor of 39087 and 351?
9
Calculate the highest common divisor of 140 and 15460.
20
Calculate the highest common factor of 623 and 2345.
7
What is the highest common divisor of 546 and 94822?
182
Calculate the highest common factor of 19242 and 72.
18
Calculate the highest common divisor of 1078 and 11270.
98
Calculate the highest common divisor of 19823 and 162733.
461
What is the greatest common factor of 448 and 11116?
28
What is the highest common factor of 387 and 37281?
129
Calculate the greatest common factor of 546260 and 1144.
572
Calculate the greatest common divisor of 96 and 43360.
32
Calculate the highest common divisor of 6056614 and 158.
158
Calculate the greatest common divisor of 3 and 287997.
3
Calculate the greatest common divisor of 241 and 337159.
241
Calculate the greatest common factor of 799250 and 1750.
250
What is the greatest common divisor of 173720 and 6464?
808
Calculate the highest common divisor of 7612 and 3460.
692
What is the greatest common divisor of 11561 and 8408?
1051
Calculate the greatest common factor of 65 and 44746.
13
Calculate the greatest common divisor of 43620 and 3336.
12
What is the greatest common factor of 1536 and 8376?
24
What is the greatest common divisor of 16 and 3530?
2
Calculate the greatest common divisor of 47376 and 228.
12
What is the highest common divisor of 12320 and 31328?
352
What is the highest common factor of 3423 and 1472379?
489
Calculate the greatest common divisor of 170532 and 540.
108
Calculate the highest common divisor of 450 and 437350.
50
What is the greatest common divisor of 3 and 175322?
1
Calculate the greatest common divisor of 52718 and 344.
86
Calculate the highest common factor of 400 and 3280.
80
Calculate the greatest common factor of 16 and 6276512.
16
What is the highest common divisor of 2856 and 282786?
42
What is the highest common factor of 590 and 14230?
10
Calculate the greatest common factor of 194182 and 4266.
158
Calculate the highest common factor of 777 and 7807.
37
Calculate the highest common factor of 40 and 648.
8
Calculate the greatest common divisor of 1547 and 43078.
119
What is the greatest common factor of 232738 and 142?
142
What is the greatest common factor of 945 and 137214?
189
Calculate the greatest common divisor of 8826 and 6.
6
What is the highest common factor of 44 and 155188?
44
What is the greatest common factor of 88 and 1350976?
88
Calculate the highest common divisor of 2904 and 1650.
66
Calculate the highest common factor of 1214809 and 235.
47
What is the highest common factor of 118125 and 1323?
189
Calculate the greatest common factor of 43 and 137342.
43
Calculate the greatest common divisor of 68548 and 8.
4
Calculate the greatest common divisor of 2016 and 728.
56
Calculate the highest common factor of 2420 and 1078.
22
Calculate the highest common divisor of 41139 and 84.
21
Calculate the greatest common divisor of 3333 and 132.
33
Calculate the highest common divisor of 616 and 10549.
77
Calculate the greatest common factor of 3182 and 481.
37
Calculate the highest common factor of 7111 and 1573.
13
What is the highest common divisor of 13112 and 7112?
8
Calculate the greatest common factor of 729608 and 66.
22
Calculate the greatest common factor of 44944 and 48.
16
Calculate the greatest common divisor of 80871 and 294.
21
Calculate the greatest common factor of 40173 and 168.
21
Calculate the highest common divisor of 210 and 975.
15
Calculate the highest common divisor of 5570324 and 2536.
1268
What is the highest common divisor of 38888 and 600?
8
What is the highest common divisor of 7410 and 2418?
78
What is the highest common factor of 236598 and 6?
6
Calculate the greatest common divisor of 91177 and 365.
73
Calculate the highest common divisor of 40997 and 55.
11
What is the greatest common divisor of 3144 and 156414?
786
Calculate the greatest common factor of 393 and 564.
3
Calculate the greatest common factor of 12616 and 236384.
664
Calculate the highest common divisor of 3149 and 4465.
47
What is the greatest common factor of 2668207 and 23?
23
Calculate the highest common divisor of 2063694 and 41.
41
Calculate the highest common divisor of 6960 and 2500.
20
Calculate the greatest common divisor of 2813 and 60407.
29
Calculate the greatest common factor of 254 and 1154557.
127
What is the highest common divisor of 33915 and 19285?
665
Calculate the highest common divisor of 7014316 and 4.
4
Calculate the greatest common factor of 289296 and 1107.
369
Calculate the greatest common factor of 420 and 108360.
420
What is the highest common divisor of 56 and 832496?
56
Calculate the highest common factor of 10769 and 1210.
121
Calculate the greatest common factor of 48293 and 49.
7
What is the highest common divisor of 30402 and 54?
54
What is the greatest common factor of 193605 and 1065?
15
Calculate the greatest common divisor of 41 and 105657.
41
Calculate the greatest common factor of 51 and 423147.
51
What is the highest common factor of 3181060 and 1060?
1060
What is the highest common factor of 41503 and 1715?
343
Calculate the greatest common divisor of 4862 and 24089.
221
Calculate the highest common factor of 85186 and 382.
382
Calculate the greatest common divisor of 562585 and 370.
185
Calculate the greatest common factor of 1100363 and 501.
167
Calculate the highest common divisor of 373104 and 576.
144
Calculate the greatest common divisor of 26 and 20943.
13
What is the greatest common factor of 2079 and 62667?
297
What is the highest common divisor of 20 and 913460?
20
Calculate the highest common factor of 9 and 1445103.
9
What is the highest common divisor of 1520 and 18200?
40
Calculate the greatest common factor of 1011 and 105481.
337
Calculate the greatest common divisor of 4 and 4060.
4
Calculate the highest common factor of 124591 and 23.
23
What is the highest common divisor of 18 and 82854?
18
What is the highest common factor of 1639 and 44?
11
Calculate the highest common factor of 539 and 1079617.
539
What is the greatest common factor of 966182 and 784?
98
What is the greatest common divisor of 2536 and 1056?
8
What is the highest common divisor of 4758 and 23058?
366
Calculate the greatest common divisor of 290 and 128035.
145
Calculate the highest common factor of 1025151 and 34.
17
What is the greatest common divisor of 5872 and 1200?
16
What is the highest common divisor of 20 and 139324?
4
Calculate the highest common divisor of 114787 and 158.
79
What is the highest common divisor of 12351349 and 19?
19
Calculate the greatest common divisor of 148 and 12654.
74
Calculate the highest common factor of 8258 and 26.
2
Calculate the greatest common factor of 3599 and 793.
61
Calculate the greatest common divisor of 139816 and 128.
8
What is the greatest common factor of 70428 and 120?
12
What is the highest common divisor of 1431 and 4302?
9
Calculate the greatest common divisor of 7595 and 310.
